w. Let a be (-2 - 0)*(-46)/4. What is the highest common divisor of a and r?
23
Let t(h) = -17*h - 59. Let b be t(-4). Suppose 0 = -m - 2*u + 32, -b*u = -4*m - 13*u + 140. What is the highest common factor of 38 and m?
38
Let w(v) = 9*v**2 - 2*v - 7. Let k be w(4). Let y = k + -268. Let t = y + 260. Calculate the highest common divisor of 11 and t.
11
Let u be ((-42)/9)/(4/(-6)). Suppose h + 580 = 6*h. Let z = 172 - h. Calculate the highest common factor of u and z.
7
Let i = -321 + 325. Suppose 2*v - 14 = 18. Calculate the highest common divisor of v and i.
4
Suppose 6*w = 2*w + 2016. Let g be -36*(2842/(-56))/29. What is the greatest common factor of w and g?
63
Let h be (-8 - (-90090)/(-72))/((-11)/8 - -1). What is the highest common factor of 92 and h?
46
Let n = 6975 + -6942. What is the greatest common factor of n and 28149?
33
Let d = -59 - -180. Suppose 5*g = -5*y + 5, -3*y + 2*g + 12 = 34. Let h be 10 - 2 - (4/y + -2). Calculate the greatest common divisor of d and h.
11
Let v be (448/(-4))/(-8) - 60/10. What is the greatest common divisor of v and 568?
8
Suppose n - q = q, 0 = -3*n - 5*q + 22. Suppose -17 = -n*j + z, -2*j + 7*j - 3*z - 30 = 0. What is the greatest common divisor of 24 and j?
3
Let c = 5066 + -5044. What is the greatest common divisor of 5610 and c?
22
Let t be (-1)/(-2) + 30/4. Let k(d) = d**2 + 6*d + 8. Let w be k(-5). Let a be (2/w)/(t/132) + 1. Calculate the greatest common factor of a and 6.
6
Suppose 24 = 4*o - z - 3*z, 0 = o + 2*z - 21. Let h = 507 - 499. Let s be 14 - h - 5 - -87. What is the highest common divisor of s and o?
11
Let g = 2555 - 2429. Calculate the highest common divisor of g and 112.
14
Let a be -133 + ((-25)/(-5) - 4). Let v = 258 + a. Calculate the highest common divisor of v and 18.
18
Let i(w) = 2*w**2 + 12*w + 25. Let r = -50 + 45. Let u be i(r). Suppose -7 - 5 = t - 5*m, 2*t - 18 = -4*m. Calculate the highest common factor of t and u.
3
Let i be ((-51030)/(-540))/(278/136 + -2). What is the greatest common factor of i and 567?
63
Let a be (-1180)/(28/7) - 9/(-3). Let c = 398 - a. Calculate the highest common factor of c and 30.
30
Suppose 3*j - 40 = -2*j. Let v = 391 + -214. Suppose j*q - 111 = v. Calculate the greatest common divisor of 144 and q.
36
Suppose 0 = 40*u - 41*u + 7*l + 64, 3*l - 282 = -5*u. What is the highest common divisor of u and 627?
57
Suppose -47*t + 1525 = -44*t + 5*s, -3*t - s + 1529 = 0. What is the greatest common divisor of t and 30?
30
Let v be (10 + 0)*(88 - 87). Let z = -13 - -18. Suppose z*c = c + 520. Calculate the highest common factor of c and v.
10
Let d = -76 - -76. Let j be d + (-1 - -2) - (-2)/2. Let b = 36 + -22. Calculate the greatest common factor of b and j.
2
Let f be (-4 + 3)*(4 - -3)*-1. Suppose 31*z - f*z - 312 = 0. What is the greatest common divisor of z and 1313?
13
Suppose 0 = -29*y - 57*y + 101222. What is the greatest common factor of y and 11?
11
Let d be 16/(17/(-45747)*-13). What is the highest common divisor of d and 23?
23
Let s be 1/(-3) + 8 + 285700/75. What is the greatest common divisor of s and 11?
11
Let u be -3 - (6 + -13 - 1). Suppose u*f - a = 47, 2*f = 2*a + 7 + 15. Let o = 17 - 8. Calculate the highest common divisor of o and f.
9
Let b = 27608 + -27458. What is the highest common divisor of b and 3890?
10
Let v(g) = -8*g - g + 8*g + 13. Let m(p) = p**3 - 9*p**2 - 11*p + 16. Let a be m(10). Let o be v(a). What is the highest common divisor of o and 35?
7
Let i be 33/(-4)*((-26)/6 - 1). Let q be (-1 - 2)*i/(-12). Let u = 105 - q. Calculate the greatest common divisor of u and 141.
47
Suppose -3*c = 5*u - 6*c + 555, -2*u - 233 = c. Let h = 146 + u. Suppose 54 = 35*o - h*o. What is the greatest common factor of o and 6?
6
Let x = 10 + -13. Let a = 24 - x. Let v(w) = 3*w + 3. Let u be v(0). Calculate the highest common divisor of u and a.
3
Suppose 0*h = -7*h + 35. Suppose h*x = -u + 3*x + 39, -168 = -4*u - 4*x. Suppose 8 - 68 = -4*t. Calculate the greatest common divisor of t and u.
15
Let a be 0/(3 - 1) + 107*-1. Let u = a - -147. Let i = -33 + 93. Calculate the greatest common factor of u and i.
20
Suppose -8*g + 3408 = g + 7*g. What is the greatest common divisor of g and 177?
3
Let l be (-440)/154*(-15 + 0 + 1). Let a be l/(6 + -1) + 2. Calculate the highest common factor of a and 80.
10
Let y be (-64)/(-160) - (-1984)/(-40)*(-2 + 1). What is the highest common divisor of y and 4050?
50
Let u(m) = 239*m + 268. Let o be u(-1). Let v = 1187 - 375. Suppose -2*a = -6*a + v. Calculate the greatest common divisor of a and o.
29
Let o(j) = -18*j + 1172. Let v be o(56). Calculate the greatest common divisor of 1025 and v.
41
Let s = -90 - -102. Suppose -4*m = -s, -2*v = -v - 3*m - 45. Suppose 0 = -2*k + 6 + v. What is the highest common divisor of k and 75?
15
Let w(c) = 33*c**2 - c**3 - 835*c - 846*c - 119 + 1653*c. Let j be w(32). What is the greatest common divisor of 531 and j?
9
Let z(b) = -2*b**3 + 5*b + 27. Suppose -9*i + 20*i + 44 = 0. Let c be z(i). What is the highest common factor of 9 and c?
9
Let k be -310*(6 - (6 - 2) - 1). Let i = k - -375. Let h be (-78)/(-4)*8/6. Calculate the greatest common factor of h and i.
13
Suppose i - 120 = h, 5*h - 144 = -i - 0*h. Let g = -58 + i. Calculate the highest common factor of 6 and g.
6
Let w be (2 + (-139)/(-4))*(-39 - (-234 - 1)). Calculate the highest common factor of w and 21.
21
Suppose -9*t + 5*t = -60. Suppose 2*c - 11 = t. Let b be (4 + -1)/(-3)*(-92 + 40). Calculate the highest common factor of c and b.
13
Let w = 1619 - 1243. What is the greatest common divisor of 16 and w?
8
Let g be (-4)/(-18) - (-187)/9. Let u(t) = -2*t**2 + 38*t + 36. Let m be u(22). Let v = m - -103. What is the greatest common divisor of g and v?
7
Let t(q) = q**3 + 24*q**2 + 23*q + 20. Let k be t(-23). Suppose 5 = -y - 3*o, -k*y - 3*o = -24*y + 10. What is the highest common divisor of 1 and y?
1
Suppose -y + 4*j = -0*y - 157, -2*y + 4*j = -318. Let a be ((-7731)/72 + 15 + (-3)/(-8))*-1. Calculate the greatest common factor of a and y.
23
Let t be 17526/33 - (4942/154 + -32). What is the greatest common factor of t and 12036?
177
Let v(p) = p**3 + 11*p**2 - 10*p + 8. Suppose 0*f - 45 = 5*f. Let d be v(f). What is the greatest common factor of 195 and d?
65
Let r = -8 + 10. Let t = 4 + r. Let a be (-12)/48*2*-3*8. What is the greatest common divisor of t and a?
6
Suppose -2*s + 2 = -0*u - 2*u, 4*u = -2*s + 8. Suppose 0 = 3*r - 2*n - 144, -s*r - 3*n - 7 + 116 = 0. What is the greatest common divisor of r and 350?
50
Let v be (-2)/(-9) - 258/(-54). Let x be ((-65)/15 + v)*21/1. Calculate the greatest common factor of x and 266.
14
Suppose 29 = a - 5*c, -a + 83 = 8*c - 4*c. Calculate the greatest common divisor of a and 59.
59
Suppose 28*b - 2807 = 44905. Calculate the greatest common divisor of 4402 and b.
142
Let x be 70/(-45)*(-268 + -20). Calculate the greatest common divisor of 616 and x.
56
Let g be 29 + 35/(-5)*(13 - 14). What is the highest common divisor of 351 and g?
9
Suppose -50 = 28*d - 41910. What is the highest common factor of 325 and d?
65
Let x = 3343 - 3288. Suppose 26 = 3*h + 4*g - 5, 0 = 3*h - 5*g + 5. What is the greatest common divisor of x and h?
5
Let n = 26 - 19. Suppose 0 = -n*p + 5*p - v + 363, -p = -v - 183. What is the greatest common divisor of p and 14?
14
Let q be ((4/(-14))/(5/(-35)) - 0) + 22. What is the highest common divisor of q and 462?
6
Let a be 3513 - ((-48)/16 + 20). Calculate the greatest common divisor of a and 760.
152
Let c be (-15)/12 - (-7)/(-4). Let k(f) = -160*f + 13. Let l be k(c). Calculate the highest common factor of 29 and l.
29
Let f be 221 - (6 + 0/6). Let s be ((-7)/(210/54))/((-1)/f). Calculate the highest common divisor of s and 18.
9
Let u be (-6)/3 + (-1 - 15). Let v be ((-4)/9)/(78/(-13689)). Let m = u + v. What is the greatest common factor of 12 and m?
12
Let u(b) = b**3 + 11*b**2 - 9*b + 40. Let h be u(-12). Suppose h*y = 4*g - 60, 59 = 5*g + 4*y - 43. What is the greatest common divisor of 63 and g?
9
Let s be 2*-2*870/40. Let k = 99 + s. Suppose z - 7 = 5. Calculate the greatest common factor of k and z.
12
Let x = 29023 - 29015. Let c be -2*1 + (0 - -16). Calculate the highest common divisor of c and x.
2
Let a be 0 - 1/((